 - 11. What is the tens digit of f(o)?
8
Let y = -5060 + 7353. Let k = y + -1255. What is the units digit of k?
8
Let c = 556 + -551. Suppose -6*p + s + 4855 = -p, p - c*s = 947. What is the hundreds digit of p?
9
What is the hundreds digit of ((-12)/(-14))/1*(-518)/(-333)*249?
3
Let g(x) = -11*x - 13. Let m be g(9). Suppose 62 = -13*k + 75. What is the hundreds digit of m*(2/k + -4)?
2
Suppose j - 28 = 2*j + 2*s, -5*s = 3*j + 87. Let a = j - -34. Suppose -g = -a*g - 156. What is the tens digit of g?
5
Let y(j) = -j - 13*j**2 + 336 + 12*j**2 + 11*j. What is the hundreds digit of y(0)?
3
Let b(u) = 32*u**2 + u - 4. Let k(c) = -16*c**2 - 12*c + 1. Let w be k(-1). What is the tens digit of b(w)?
8
Suppose -12*m + 14*m = 5*t - 2201, 3*t + 2*m = 1311. Let h = -254 + t. What is the units digit of h?
5
Let w be ((-50)/4)/((-3)/6). Let g(x) = -x**3 - 4*x**2 + 17*x + 65. Let r be g(-5). Suppose w = r*u, 5*m - u - 200 = 335. What is the units digit of m?
8
Suppose -2*v = 4*o - 3*v + 2, -2*o - 5*v = 12. Let f be (228/3)/1 + o. What is the units digit of (-144)/(f/20*(-4)/10)?
6
Let c(u) = 22*u + 7. Let d be c(8). Let m = d - -104. What is the units digit of m?
7
What is the tens digit of ((-179)/(-8)*318)/(906/1208)?
8
Suppose 2554*y + 696320 = 2571*y. What is the ten thousands digit of y?
4
Let t be (-3)/18 + (-13)/(-6). Suppose -2*j + 532 = -c, -j - t*j - 2*c = -791. What is the tens digit of j?
6
Suppose 282 = 4*n + 2*n. Suppose 2*f + 4*q = 3*f - n, 2*q = -2*f + 44. What is the tens digit of (15 - 9)*f/2?
8
Let v = 62 + -60. Let z be v*((-2)/(-4))/((-1)/(-15)). Suppose -z*r + 14*r + 198 = 0. What is the units digit of r?
8
Suppose 4*k - 2044 = 30348. What is the tens digit of k?
9
Suppose -2*g - u = -7165 - 31010, -2*g + 38187 = -3*u. What is the tens digit of g?
8
Let u = -189 + 129. Let d be 7/(-4 + (-138)/(-34)). Let y = u + d. What is the tens digit of y?
5
Suppose 26*p + 4266 = 30*p + 2*j, j = p - 1071. What is the hundreds digit of p?
0
Suppose 13*l + 11364 = t + 11*l, -3*t - 2*l + 34092 = 0. What is the thousands digit of t?
1
Let s(h) = 2*h**2. Let d(n) = -5*n**2 + 4*n. Let m(r) = -d(r) - 2*s(r). What is the hundreds digit of m(-10)?
1
Suppose 4*d + 49 = 61. What is the hundreds digit of d + 0/2 - 3366/(-18)?
1
Let i be (-8)/(-12)*(-63)/(-6). Suppose 6*m + 295 = i*m. What is the tens digit of m?
9
Let d(a) = a**3 + 19*a**2 - 94*a - 233. What is the tens digit of d(29)?
0
What is the thousands digit of 4*303411/(-76)*(-1)/3?
5
Suppose -q + 3*z - 2716 = -2*q, 0 = -2*q + 3*z + 5369. What is the thousands digit of q?
2
Suppose -98*b + 96*b - 2*j + 28368 = 0, 0 = b - j - 14200. What is the thousands digit of b?
4
Let f be 3/3 - 4*1 - -8. Suppose 2*r - r = -f*w - 204, -r - 44 = w. What is the units digit of -1 + 1 + (-21)/6*w?
0
Suppose 0 = -5*t + 25*t - 6980. Let o = 974 - t. What is the units digit of o?
5
Suppose -898*m + 150144 = -874*m. What is the thousands digit of m?
6
Let t(i) = -i + 23. Let h be t(18). Suppose h*d - 2*q - 128 = 0, -d + 28 = -q - 0. Let p(s) = s**3 - 23*s**2 - 18*s - 43. What is the tens digit of p(d)?
0
Let q be (488/(-14))/(7/(-49)). Suppose 4*k - q = -2*m, 2*k + 262 - 30 = 2*m. What is the tens digit of m?
1
What is the ten thousands digit of 3/(9 + 2/(-28) + 2571845/(-288050))?
2
Let p(d) = 192 + 218 - 58 - 32 - 51*d. What is the thousands digit of p(-18)?
1
Suppose -5*h + 3*v + 247711 = 0, 3*h - 35*v + 37*v = 148619. What is the hundreds digit of h?
5
Suppose -2*s + 1143 = b + 4*b, s + 1 = 0. Suppose 9*x + 23 = -b. What is the tens digit of (-7)/(x/(-12)) - -78?
7
Let k = -109766 - -159115. What is the tens digit of k?
4
Suppose 643*v - 25 = 638*v. Suppose -v*y - 37962 = -42*y. What is the hundreds digit of y?
0
Let f = 71024 - 38079. What is the units digit of f?
5
Suppose -2*r + 5*f = -59, -r + 9 = r + 5*f. Suppose 0 = -3*c + 6, -5*o = -4*c + 57 - 29. Let t = r + o. What is the units digit of t?
3
What is the units digit of 21/((-252)/75840)*-2?
0
Let k = 930 + -884. Suppose 0 = a - 0*a + 42. Let v = k + a. What is the units digit of v?
4
Suppose 0 = 6*f - 1740 - 672. Let l = f - 153. What is the units digit of l?
9
Suppose -30*k + 60714 + 68921 = -196945. What is the units digit of k?
6
Let c(w) = 389*w + 148. Let n = -526 + 529. What is the hundreds digit of c(n)?
3
Suppose w - 144 = -39. Let n = w + -187. Let a = 247 + n. What is the tens digit of a?
6
Let x(g) = 423*g + 1992. What is the units digit of x(13)?
1
Suppose -h = 3*c - 54 + 284, -2*c + 3*h = 157. Let w = -386 - -640. Let f = w + c. What is the tens digit of f?
7
Let o be (0 - 1)*(2 - 33 - 13). Suppose -53380 = -24*w - o*w. What is the hundreds digit of w?
7
Let n = 8051 - 7521. What is the hundreds digit of n?
5
Suppose -11 = -2*m + 3*r, -2*m = -6*m - r + 15. Suppose -m*o - 54 = -a, 0 = -4*a - a - 2*o + 358. What is the units digit of a?
0
Let y(d) = -d**3 - 30*d**2 + 21*d + 102. Let z be y(-36). Suppose -6870 = -22*r + z. What is the units digit of r?
6
Let i = -49955 - -108007. What is the units digit of i?
2
Suppose -3*n = -5*w + 32, 4 + 15 = 2*w + 5*n. Suppose -652 = w*o - 9*o. What is the hundreds digit of o?
3
Suppose 11*x = 10*x - 6, 2*i - 79302 = 4*x. What is the hundreds digit of i?
6
Let w(l) = -l**3 - 3*l**2 - 2*l + 4. Let s be w(-2). Suppose 4*z = 5*b - 833, -5*z = -b - s*z + 166. What is the hundreds digit of b?
1
Suppose j - 123 = -f, -16*j + 13*j = -2*f - 389. Suppose 2*l - j = 249. What is the hundreds digit of l?
1
Suppose 396*r + 101389 = 5*n + 400*r, 4*r = -2*n + 40570. What is the thousands digit of n?
0
Let z = 837 - 283. Suppose -22*h + 20*h = -z. What is the units digit of h?
7
Suppose 11*d - 188066 = -54185. What is the units digit of d?
1
Let h(v) = -v**2 - 8*v + 3. Let x = -67 + 59. Let n be h(x). Suppose n*b - 611 = -137. What is the units digit of b?
8
Let k(g) = -g**3 - 3*g**2 + 5*g - 11. Let z be k(-5). Suppose 8*t = z*t - 678. Suppose 2*q - t = 249. What is the hundreds digit of q?
1
Let c(t) = 103*t**2 + 144*t - 2134. What is the thousands digit of c(15)?
3
Suppose -z - 3*j = 363, -5*z + 3*z = -5*j + 726. Let r be 3 - (0 - 0) - (z - -54). What is the units digit of 5/(10/r) + -4 + 1?
3
Let n(o) = 2628*o**2 - 4*o + 7. What is the units digit of n(2)?
1
Let w(a) = 7*a + 17. Let n(q) = -3*q - 8. Let z(l) = 9*n(l) + 4*w(l). Let i be z(-11). Let s = 46 + i. What is the tens digit of s?
3
Suppose 15*f - 5*f - 830 = 0. Suppose 362 = 5*z - f. Let n = 28 + z. What is the units digit of n?
7
Let u be 5/(-10)*1*-8. Suppose 0 = u*c - 12, -3*y + 0*y - 5*c = -126. Suppose 0 = -2*p + 3*z + 88, p - 5*z = -0*p + y. What is the tens digit of p?
4
Let z(b) = -b**2 - 11*b - 48. Let n be z(-5). What is the hundreds digit of (-16)/8 + 34*n/(-2)?
3
Suppose -2*u + 2*y + 18 = 0, 4 = 2*y + 10. Suppose -4*i + u*b - 5*b + 23 = 0, b + 3 = 0. Suppose 17 = -i*c + 27. What is the units digit of c?
2
Suppose -2 = w - 2*w. Let a(g) = -6*g**2 + 4 + g - 11*g**2 + 18*g**w. What is the tens digit of a(-4)?
1
Suppose 126*j = 87*j - 109*j + 9310976. What is the thousands digit of j?
2
Let l(p) = -p**3 - 16*p**2 + p + 20. Let y be l(-16). Suppose 3 - 7 = y*j, -263 = -b + j. What is the tens digit of b?
6
Let a(k) be the first derivative of -k**3/3 - k**2 + 3*k + 15. Let w be a(-3). Suppose 4*v - 120 + 48 = w. What is the tens digit of v?
1
Suppose -2*a - 4*d + 750 = 0, -d = -5*a - 0*d + 1853. Suppose -5*g - 97 = 6*w - 7*w, -a = -3*w - 5*g. What is the units digit of w?
7
Let b(k) be the second derivative of -k**5/20 + 5*k**4/6 - 2*k**3 - 5*k**2 - 16*k. Let r be b(10). Let t = r - -242. What is the tens digit of t?
1
What is the hundreds digit of 6/(7/(-215670)*-18)?
2
Let q = 141 - 145. What is the units digit of (-20)/((6 - 7)/((-76)/q))?
0
Let g = -1006 + 999. Let u(v) = v. Let x(z) = -5*z + 5. Let p(k) = -u(k) + x(k). What is the units digit of p(g)?
7
What is the hundreds digit of (9060 - 272) + (1 - -13)?
8
Let z(h) = 1106*h**2 - 5*h + 14. Let x be z(-4). What is the units digit of (8 - x/(-63)) + 3/(-7)?
9
Let r be (57/(-9)*2)/(2/(-3)). Suppose 3*v - 4*w = 25, 7*v = 2*v + w + r. Suppose v*k = n - 235, 6*n - 1209 = n - 2*k. What is the units digit of n?
1
Let n(z) = -43*z + 175. Let a be n(4). Suppose 4*j = 5*f - 5267, -a*j - 4238 = -4*f - 25. What is